s of a(b)?
107
Let m be ((-12)/(-9))/(6/(-387))*-1. Suppose 0 = -5*q - 5*c + 650, -3*c - m - 64 = -q. What are the prime factors of q?
3, 5
Let i(f) = 76*f**2 + 3*f + 3. Let u be 25/((-25)/5) - -4. List the prime factors of i(u).
2, 19
Suppose 2*d - 376 = 6*d. Let u = -53 - d. List the prime factors of u.
41
Let n(b) = 2*b**2 - 9*b - 5. Let s be n(5). Suppose s = 3*d + z - 134, -2*d - 3*z = -54 - 26. List the prime factors of d.
2, 23
Let z(k) be the third derivative of k**5/60 - k**4/6 - k**2. Let m be z(4). Suppose m = -2*w - t + 42, t + 87 + 25 = 5*w. List the prime factors of w.
2, 11
Let i(w) = w**2 - 36*w - 455. Let g be i(49). Let u = -286 + 167. Let n = g + u. What are the prime factors of n?
3, 7
Suppose -16 = -k - 0*k. Suppose 3*r - 13*w - 52 = -9*w, 4*w = -r + 44. List the prime factors of ((-90)/r)/((-6)/k).
2, 5
Let m be (-1)/((-1)/(-2) - 1). Suppose 2*x + m*s - 270 = 0, -s = 2*x - 0*x - 265. Suppose -8*n + 3*n + x = 0. What are the prime factors of n?
2, 13
Let u(k) = 15*k**3 + k**2 - k. Let n be u(1). Suppose 20*f - 200 = n*f. What are the prime factors of f?
2, 5
Let n = 21 - -288. List the prime factors of n.
3, 103
Suppose -876 = -2*h + 4*p + 382, 4*h + p = 2552. List the prime factors of h.
7, 13
Let i = 12228 - 8491. What are the prime factors of i?
37, 101
Suppose 4*r = -4*a + 768, -3*r + 108 = 2*a - 271. Let v = -114 + a. What are the prime factors of v?
83
Let m(k) = -276*k + 166. List the prime factors of m(-9).
2, 5, 53
Let v(j) = -6*j + 0*j**2 + 2*j**2 - 7 + 2. Let c be v(8). Let p = -53 + c. What are the prime factors of p?
2, 11
List the prime factors of 330 + (-6)/18*-15.
5, 67
Suppose -20 = -4*f, 3*h + 2*h + 3*f - 900 = 0. Suppose -41 = l - h. List the prime factors of l.
2, 17
Let a = -751 + 1235. List the prime factors of a.
2, 11
Suppose j + 4*b = 8 + 16, 4*j + 4*b = 84. Suppose 5*f - 88 = 12. Suppose 0*p - d - j = -p, p = 4*d + f. What are the prime factors of p?
2, 5
Let g be 6/3 + 0 + -6. Let u = g + 6. Let h = u + 10. List the prime factors of h.
2, 3
Suppose 0 = 6*f - 11*f + 500. Suppose f = 3*b - 5. List the prime factors of b.
5, 7
Let v be 2558/6 + 29/(-87). What are the prime factors of (-4 - v/(-21))*14?
2, 3, 19
Let k be 4/5*(-75)/(-10). Let l be 0*(3 + (-15)/k). Suppose l*h = -h + 32. List the prime factors of h.
2
Let t(k) = -6*k**2 + 1. Let h be t(-1). Let w(a) = -4*a**2 - 5*a + 5. Let c be w(h). What are the prime factors of (-2)/(-2) + (0 - c)?
71
Let y = 6 - 5. Let z be (y/(-2))/((-1)/22). Suppose z*i - 6 = 10*i. List the prime factors of i.
2, 3
Let l = 633 + -202. What are the prime factors of l?
431
Suppose 12*l + 663 = 14103. Suppose 8*v + 320 = l. What are the prime factors of v?
2, 5
Suppose 99*c - 109*c + 25410 = 0. What are the prime factors of c?
3, 7, 11
Let q = 260 - 159. Let c = q + -51. Suppose 4*v = -5*l + c, -v + 20 = -3*l - 1. List the prime factors of v.
3, 5
Suppose 28 = h - 5*w + 1, 0 = 4*h - 2*w - 18. Suppose 5*q - 815 = -4*v, 3*q + h*v - 389 - 100 = 0. Let a = -83 + q. What are the prime factors of a?
2, 5
Suppose 0 = 4*a + 5*p + 91, 2*a - 34 + 117 = 5*p. Let g(z) = -2*z + 42. List the prime factors of g(a).
2, 5
What are the prime factors of (-26 - (14 - 5))/(2/(-14))?
5, 7
Suppose 151*m = 157*m - 7554. List the prime factors of m.
1259
What are the prime factors of 1766 - (-21 + -6)/(-9)?
41, 43
List the prime factors of ((-16584)/14)/1*2478/(-708).
2, 3, 691
Let n(k) = -30*k - 8. Let o(s) = 840*s + 225. Let y(g) = 170*n(g) + 6*o(g). Let v be y(-4). Suppose -v = -5*h - 30. What are the prime factors of h?
2, 5
Let x be 3*(12/4 + -2). Suppose -d + 6*a = x*a + 15, -2*a + 10 = 0. Suppose -3*v + 149 = 3*q + 41, -5*v - 10 = d. List the prime factors of q.
2, 19
Let u be (3 + -15)/(-1) - 4. Suppose 3*t - 2*s + 275 = u*t, -s = 0. List the prime factors of t.
5, 11
Let h = 4 + 2. Let c = 6 - h. Suppose 21 = 3*r - c. What are the prime factors of r?
7
Let c = 355 + -47. List the prime factors of c.
2, 7, 11
Let q(j) = 50*j**2 - j. Let p be q(-1). Suppose 4*w - 85 - p = 0. Suppose l = -3 + w. What are the prime factors of l?
31
Let x(r) = r**2 - 63*r + 288. List the prime factors of x(64).
2, 11
Let v(w) = -56*w + 35. List the prime factors of v(-4).
7, 37
Suppose 8*k - 2 = 1246. List the prime factors of k.
2, 3, 13
Let s = 29 + -27. Suppose 2*k + 4*o - o - 82 = 0, -2*o - 62 = -s*k. List the prime factors of k.
5, 7
Let t = -66 + 44. Let x = t - -52. What are the prime factors of x?
2, 3, 5
Suppose -3*b + 67*l - 62*l + 222 = 0, -l = 2*b - 161. List the prime factors of b.
79
Let c(l) = -3*l - 34. Let d be c(-9). Suppose -5*k = -140 - 65. What are the prime factors of (d - -5) + (k - 2)?
37
Let i be (2/4)/((65/(-930))/13). Let o = 137 + i. What are the prime factors of o?
2, 11
Suppose 2*p + 58 = t - 0*p, 4*p = 4*t - 240. Suppose -2*k - 2*k - 216 = -4*v, 0 = -v - 3*k + t. What are the prime factors of v?
2, 7
Suppose -2*v = -8*v + 2748. What are the prime factors of v?
2, 229
Let v(j) = -2*j + 10. Let p be 1/(2 + (-34)/18). Suppose -d + p = 17. What are the prime factors of v(d)?
2, 13
Let n be (-48)/10*170/(-51). What are the prime factors of ((-610)/20)/(2*(-2)/n)?
2, 61
Let n = -1462 - -2773. What are the prime factors of n?
3, 19, 23
Let c(w) = 17*w**2 - 4*w + 2. List the prime factors of c(-2).
2, 3, 13
Suppose -4*y - 62 = -642. List the prime factors of y.
5, 29
Suppose 3*w - 5 = 6*w + 4*i, 0 = -2*i - 10. Suppose w*l = 626 - 241. Suppose -2*s - 7 + l = 0. What are the prime factors of s?
5, 7
Suppose -7*z - 2 = 5. List the prime factors of -1*4/z + 29.
3, 11
Let w be (2 + -3)/1 + 4. Suppose -11 = g - w*j, -2*g - 3*j = -5 - 18. List the prime factors of (3 - 1)/(g/82).
41
Suppose 4*l = 6 + 26. Suppose 11*q - l*q = 603. What are the prime factors of q?
3, 67
Let b(y) = -186*y**2 - 6. Let d be b(3). What are the prime factors of 1 + d/(-9) - (-6)/18?
2, 47
Let v = 0 - 60. Let z = v + 63. What are the prime factors of z?
3
Suppose -3*c = -0*c. Let m(f) = 3*f**3 + 12*f**2 - f + 2. Let s be m(-4). Suppose c*g = 3*g - s. What are the prime factors of g?
2
Let f(q) = 4878*q + 150. What are the prime factors of f(1)?
2, 3, 419
Let t(j) = -j**2 - 8*j - 8. Let q be t(-8). Let l be (q/6)/((-5)/30). Let d = l + -6. What are the prime factors of d?
2
Let l(o) = 2*o**3 + 25*o**2 + 12*o + 10. List the prime factors of l(-10).
2, 3, 5, 13
List the prime factors of (-27)/(270/(-20))*2201.
2, 31, 71
Suppose 0 = -4*t - 3*g + 6*g + 8, -5*t + 37 = 3*g. What are the prime factors of (10/6)/(t/126)?
2, 3, 7
Let o = 182 + 942. What are the prime factors of o?
2, 281
Let m(k) = k**2 + 6*k - 44. What are the prime factors of m(10)?
2, 29
Let d = 3 - -2. Suppose -d*w - 3*f = -343, 3*w - 209 = -4*f - f. Let l = -32 + w. List the prime factors of l.
2, 3
Suppose -d + 3*p = 0, d - 3*d - p = -7. Suppose -c + 6*c = -3*t + 15, c + 5*t = d. What are the prime factors of c?
3
Suppose 0 = 16*k - 4823 - 377. What are the prime factors of k?
5, 13
Let q = -9 + 5. List the prime factors of -1 - 64/(4/q).
3, 7
Let p be (1 + 74)/1 - (3 - 0). What are the prime factors of ((-18)/p)/(2/752*-2)?
47
Let v(r) = r**3 + 15*r**2 - 39*r - 3. Suppose -25 = -9*z - 178. What are the prime factors of v(z)?
2, 41
What are the prime factors of -5 + 1/(3/(-1 + 4108))?
2, 11, 31
Suppose -40 = -z + 6*z. Let m(n) = -n**2 - 9*n - 6. Let s be m(z). Suppose -84 = -5*c + s*c. List the prime factors of c.
2, 7
Let d = -13 + 10. Let b(r) = -r**2 - 3*r + 3. What are the prime factors of b(d)?
3
Let o(u) = -u**3 + 16*u**2 - 27*u + 10. Let m be o(11). Let a = m + -161. List the prime factors of a.
157
Let b(k) = 46*k**2 - 7*k - 27. List the prime factors of b(-6).
3, 557
Let v = 2 - -1. Suppose 0 = 2*k + v - 13. Suppose -k*f = -0*f + o - 318, 2*o = 6. What are the prime factors of f?
3, 7
What are the prime factors of 899 + 3 - (4 - 6)?
2, 113
Let v be (-32)/(-5) - 4/10. Let z be (v/(-5))/(8/(-20)). Let f = 9 + z. List the prime factors of f.
2, 3
Let y(m) = 435*m + 113. List the prime factors of y(7).
2, 1579
Let r(o) = o**2 + 14*o + 35. Let h be r(-12). Suppose -w = -50 - h. What are the prime factors of w?
61
Let j(u) = u**3 + 18*u**2 - 10*u - 27. What are the prime factors of j(-13)?
2, 3, 79
What are the prime factors of -5 + 8 - (-3)